
5
Let w = 13 - 11. Let x(n) = 12*n - 7. Let l(o) = -o + 1. Let j(f) = 5*l(f) + x(f). What is j(w)?
12
Let q(m) be the first derivative of -m**5/60 - m**4/8 - m**3/6 - m**2/2 + 4. Let t(o) be the second derivative of q(o). What is t(-2)?
1
Let q(m) = 3*m + 4. Let k(l) = l**3 + 8*l**2 - 10*l - 3. Let n be k(-9). Suppose -15 = n*w - w. Calculate q(w).
-5
Let s be 12/(-7) - 2/7. Let z(a) be the second derivative of 0 + 3*a - 1/3*a**3 - a**2. What is z(s)?
2
Let w(f) = -20*f + 18*f + 3*f. What is w(3)?
3
Let s(y) = 3*y - 10. Let j = -13 + 20. Determine s(j).
11
Let g(u) = -5 - 9 + u - 2*u**2 - 3*u**3 + 15. Calculate g(-2).
15
Let j(n) = -8 + n**3 + 2*n - 6*n + 7*n**2 + 3. Let k(i) = i**2 - i - 1. Let w(z) = -j(z) + 3*k(z). Calculate w(-3).
-10
Let o(i) = 2*i - 4. Let z(g) = g - 5. Let r(q) = -3*o(q) + 2*z(q). Let v(w) = -2*w + 1. Let j(s) = -6*r(s) + 11*v(s). Determine j(5).
9
Let q(g) = g**2 - 5*g - 9. Suppose d + 5*z - 17 = 0, 5*d - d - 24 = 2*z. Let x be q(d). Let l(n) = -1 + 3 + x*n - 2*n. Determine l(-2).
-4
Let r(p) = -6*p - 1 - 2*p**3 + 4*p + 3 + 7*p**2 - 4*p**2. Give r(2).
-6
Let r(w) be the first derivative of w**4/4 - 4*w**3/3 + 1. Let x(y) = 2*y - 1. Let l be x(-2). Let f = 9 + l. Determine r(f).
0
Let a(g) = 9*g**3 - g**2 - g + 1. Let t = 8 - 4. Suppose -t*r - 3 = -7*r. What is a(r)?
8
Let u(c) = 5*c**3 + 5*c**2 - 2*c + 1. Let y(j) = -4*j**3 - 4*j**2 + 2*j - 1. Let b(s) = -3*u(s) - 4*y(s). Calculate b(2).
9
Let n(g) be the first derivative of g**4/4 + 7*g**3/3 - g**2 - 10*g + 55. Give n(-7).
4
Let i(l) = -l**2 - 2. Let g be (2 - -1)*-2*(-4)/12. Determine i(g).
-6
Suppose 3*j + j - 12 = -4*y, 2*y = -j + 6. Suppose -3*u + 12 + 0 = 0. Let m(p) = -3*p - 2 - 2*p + u*p. Calculate m(j).
-2
Let v(l) be the first derivative of 3*l**2/2 + 2*l + 8. Let y be -4 + 5 - (-1 - -4). What is v(y)?
-4
Let y(s) = s**2 - 3*s. Suppose -v + 3*g + 19 = 0, -4*v + 2 = -2*g - 24. Suppose 8 = 2*x, z = 2*x - v*x + 4. Let l be (-6)/z*40/15. Calculate y(l).
4
Suppose 0 = 5*u - 4*t + 6, u - 5*t + 9 = -9. Let y(v) = 2*v**u + 2*v + 8*v**3 + v**3 - 10*v**3. Determine y(3).
-3
Suppose 0 = -4*w - 3*f + 34 - 2, 5*w - 17 = 2*f. Let m(l) = -5*l**2 - 6 + 4*l**3 - l - 3*l**3 + 4*l. Calculate m(w).
9
Let z = 442 - 441. Let a(h) be the first derivative of h**4 + h**2/2 - 1. Calculate a(z).
5
Let v(o) = o**3 - 4*o**2 - 5*o - 1. Suppose 0 = 2*i + 1 - 11. Determine v(i).
-1
Let h(n) = 2*n**2 - 4*n - 4. Let w(i) = -i**2. Let z(k) = h(k) + 3*w(k). Let s = 58 - 34. Let l = s - 28. Give z(l).
-4
Suppose 20 = -4*q - 4. Let c(h) be the second derivative of h**5/20 + h**4/2 + 4*h**2 - 38*h. Determine c(q).
8
Let s(g) = 2*g**2 + g**3 - 2*g + 5*g**2 - 6*g**2 + 4. Give s(-3).
-8
Let k = 17/18 + -7/9. Let x(m) be the second derivative of -m + k*m**3 + 0 + 1/2*m**2. Determine x(0).
1
Let u(x) = -10*x - 11. Let a(m) = 3*m + 4. Let o(t) = -8*a(t) - 3*u(t). Suppose 0*i + 4 = 2*i. Let q be (-3)/i*(-6)/9. Determine o(q).
7
Let s = -1 + 5. Suppose 2*o + 4 = -s. Let h(r) = 2 - 2 - 3 - r. What is h(o)?
1
Let f be (2/(-2) - -1)/2. Suppose -a = -f*a + 4*q + 12, -q = -a + 8. Suppose 0*u + u - j = -a, 0 = -2*j. Let l(w) = -w**2 - 3*w + 5. Give l(u).
1
Let v(j) = 2*j + 3. Let z(w) = -4*w - 5. Let n = 5 + 1. Let s(y) = n*z(y) + 11*v(y). Let p be (2/3)/(4/18). Determine s(p).
-3
Let y(t) be the third derivative of -t**6/120 - t**5/60 - t**4/24 - t**3/2 - 4*t**2. Let d be (0/(-2) + 0)/(-1). What is y(d)?
-3
Let q = -8 - -15. Let p be 2/5 + q/(-5). Let a(k) = 10*k + 5. Let b(g) = 5*g + 2. Let r(c) = -2*a(c) + 5*b(c). Calculate r(p).
-5
Suppose 4*b - 8 = 8. Suppose -3*o - 4 = -b*o. Let k(q) = 2*q**2 + 7*q - 7. Let n(d) = -d**2 - 4*d + 4. Let l(s) = o*k(s) + 7*n(s). What is l(1)?
1
Let v(y) = 0 + 4 - 4*y**2 + y**3 - 2 - 3*y - 2*y. Let a(t) = -t**3 + 3*t**2 + 4*t + 5. Let d be a(4). What is v(d)?
2
Let x(c) = -2*c**2 - 16312*c - c**3 + 6*c**2 + 16307*c + 3. Let k be 0/2 - -3*1. Calculate x(k).
-3
Let f be (-2)/(-10) + 338/(-65). Let i(p) = p + 3. Determine i(f).
-2
Suppose -22*f + 18*f + 12 = 0. Let t(l) = -2*l**2 + 2*l + 3. Determine t(f).
-9
Let l(h) be the second derivative of h**3/3 + h**2/2 - 12*h. Calculate l(-5).
-9
Let o = 2 + 2. Suppose 7*c + 6 = o*c. Let i(r) = -r**3 - r**2 + r - 2. Calculate i(c).
0
Suppose 0 = -23*a - a. Let u(l) = -5*l**3 - 5*l**2 + l - 9. Let y(t) = t**3 + t**2 + 1. Let n(c) = -u(c) - 6*y(c). What is n(a)?
3
Let s(z) = 2*z + 16. Let t be s(-10). Let h(j) be the first derivative of j**4/4 + j**3 - 2*j**2 - 2*j - 3. Calculate h(t).
-2
Let n(i) = -i**3 + 7*i**2 - 6*i + 7. Let f be -2*9/6*-2. Give n(f).
7
Let h(n) = n**2 - n - 4. Let x(s) = s - 1. Suppose -16 = -3*t + 4*y, -3*y = y + 4. Let w be x(t). What is h(w)?
2
Suppose 0 = -s - 0*s - 6. Let j(l) = -l**2 - 6*l - 3. Calculate j(s).
-3
Let s(y) = -y - 2. Let g(a) = 3*a - 15. Let l be g(6). Suppose -2*r = -j + r + 9, 3*r + l = 0. Give s(j).
-8
Let d(i) = i - 8. Suppose -5*h = -6*h + 11. Let q be d(h). Let j(w) = -w**2 + w + 1. Calculate j(q).
-5
Let z be (-15)/((-2*1)/2). Suppose 3*n = -9, 6*y - 4*y = n + z. Let p(a) be the third derivative of a**5/60 - a**4/3 + 3*a**3/2 + 4*a**2. Calculate p(y).
-3
Suppose 8 = l + 7. Let j(w) = -w**2. Give j(l).
-1
Let u(l) = -l**3 - 7*l**2 - 8*l - 8. Let x = 44 + -50. Calculate u(x).
4
Let c be (2/(-5))/((-3)/15). Let h(n) = -4*n + n**c + 4*n - 2. Determine h(-2).
2
Let k(j) = -3*j + 5. Let c(y) = -y**3 - 5*y**2 - 5*y. Let l be c(-4). Calculate k(l).
-7
Let o be 4 - (-2*1)/(-2). Let p(u) = 2*u**3 + 0*u**2 - 2 + u**2 - 3*u**2 - u**3 - u. Give p(o).
4
Let a(f) be the second derivative of f**5/20 - 5*f**4/12 - 3*f**3/2 + f**2/2 - 2*f - 2. Give a(6).
-17
Let t = -6 - -12. Let f(v) be the second derivative of -v**3/3 - 3*v**2 - 25*v + 2. Determine f(t).
-18
Let r be 0 + (-180)/(-81) - (-2)/(-9). Let y(k) = 8*k + 2. Give y(r).
18
Suppose 38 = 5*j + 58. Let z(u) = -u**3 - 5*u**2 - 4*u - 4. Determine z(j).
-4
Let g(j) be the first derivative of -j**4/4 + j**3 - 21. What is g(3)?
0
Suppose -k + 7 = -i + 4*k, 2*i - 1 = -5*k. Let z(x) be the third derivative of -1/60*x**5 + 2*x**2 - 1/120*x**6 + 1/6*x**3 + 1/8*x**4 + 0*x + 0. Give z(i).
-1
Let y(c) = c**3 + c - 4. Suppose 2*u + u = -3*k + 33, 2*u = -5*k + 7. Suppose i - 4*a - 16 = -i, 2*i + 4*a = -u. Calculate y(i).
-4
Let k(o) = -3*o**3 - 12*o**2 + 2*o - 17. Let j(a) = 2*a**3 + 8*a**2 - a + 11. Let d be (-6)/(-4)*16/(-3). Let t(n) = d*j(n) - 5*k(n). Determine t(-3).
-6
Let t(i) be the second derivative of -i**4/12 + 2*i**3/3 - i**2 - i. Let j be ((-228)/(-95))/(2/5). Suppose -4*y + 7*y - m - 10 = 0, -3*y + j = 3*m. Give t(y).
1
Let m(a) = a**3 + 7*a**2 + 7*a + 4. Let s = -22 + 16. Give m(s).
-2
Suppose 4*k = -k - 5. Let d(n) = 1 - 2*n**2 - n**2 - 2*n**2 + 6*n**2 + 2*n. Calculate d(k).
0
Let q(n) = n. Let d = 34 - 28. Calculate q(d).
6
Let i(p) be the first derivative of -p**4/4 - p**3/3 + p**2/2 - 11*p + 1. Suppose -2*d - 2*d = -12*d. Give i(d).
-11
Suppose 2*u - 34 = -3*h, -h + 3*u - 17 = -2*u. Let x(m) = m**3 - 2*m - h + 4 + 0*m - 2*m**2 + m. Calculate x(3).
2
Suppose -5*x - 26 + 1 = 0. Let b(n) = 3*n + 1. What is b(x)?
-14
Let g(m) = 3*m**3 + 3*m**2 + m - 1. Let k(l) = -l**3 + l - 1. Let h(v) = -g(v) - 4*k(v). Determine h(4).
1
Let b(d) = 3*d**3 - 4*d + 4. Let j(z) = -16*z**3 + z**2 + 21*z - 20. Let x(h) = 11*b(h) + 2*j(h). Give x(-3).
1
Suppose 6 - 46 = -10*t. Let i(z) be the second derivative of 0 - z**2 - 1/6*z**3 - t*z. Give i(-6).
4
Let a(m) = -m**2 - 6*m + 4. Let i be a(-6). Let f be 1 + 0 - (i + 0). Let w be (-1 - 1) + 0 - f. Let o(n) = -n**2 + n. Determine o(w).
0
Let h(d) be the third derivative of -5/6*d**3 + 0 + 0*d + 1/60*d**5 + 9*d**2 - 1/12*d**4. Give h(4).
3
Let u be 0 + -1 + 0 + 4. Suppose 0 = -2*o + 5*i + 3, u*o - 2*i = 7*o - 18. Suppose o*y + s + 0*s = -18, 0 = y + 5*s - 5. Let k(h) = -2*h - 6. Calculate k(y).
4
Let a(x) = -x**3 - 7*x**2 - 6*x - 1. Suppose 7*z - 48 = 3*z. Suppose 0 = -2*p - z - 0. Calculate a(p).
-1
Suppose -12 = -2*u + 4*u. Let q(c) be the second derivative of c**5/20 + 5*c**4/12 - 7*c**3/6 - 9*c**2/2 + 16*c. Calculate q(u).
-3
Suppose 0*h + 2*h + 2 = 0. Let a(t) be the second derivative of -t**4/6 - t**3/3 - t**2/2 + t. Determine a(h).
-1
Let o(h) be the third derivative of 4*h**2 + 1/6*h**3 + 0 + 0*h + 1/24*h**4. 